Is r(6) a prime number?
False
Let f be 1 - ((-4)/4 + 2). Let a(m) = -1 + f - 58*m + 0. Is a(-2) a prime number?
False
Is 0 - -4742 - (15 - 8) a prime number?
False
Let p(f) = 609*f + 31. Is p(19) a prime number?
False
Suppose 372*h + 81660 = 384*h. Is h composite?
True
Suppose -7*a - 65769 = -b - 3*a, -b + 5*a + 65767 = 0. Is b composite?
False
Let a(y) = -19*y + 77*y + 4 - y + 137*y. Let h be a(2). Suppose 4*o + j - 1056 = -h, j = 3*o - 498. Is o a prime number?
False
Let m be (2/2)/(1*4/8). Suppose -y = 4*w - 2587, m*w - w = -2*y + 645. Is w composite?
False
Suppose 222415 = 7*g - 84738. Is g composite?
True
Suppose -5*b - 2*o = -64, 29 = 2*b - 2*o + 9. Is (639/54)/(2/b) a prime number?
True
Let t be 6824/10*(-5)/(-2). Is (t/8)/(2/8) composite?
False
Let w(d) = d**3 + 5. Let t be w(0). Suppose -t*k - 95 = 3*l - 2152, -1346 = -2*l + 3*k. Is l a prime number?
False
Suppose 2*s + 5*g = 20, -1 = 5*g + 9. Is ((-10)/s)/((-2)/291) composite?
False
Suppose -10*v = -2*v - 8416. Suppose -4*o + v = -2*i, -4*i + 3*i = o - 263. Is o prime?
True
Suppose -7*d = -8*d + 5, 3*n - 5*d - 2336 = 0. Suppose 3*t = -5*b + 763, 7*b = 2*b + 3*t + n. Is b composite?
True
Let d(b) = -225*b**3 - 3*b**2 - 5*b - 1. Let j(w) = 449*w**3 + 5*w**2 + 9*w + 2. Let l(t) = -5*d(t) - 3*j(t). Is l(-1) a prime number?
True
Let v(f) = -83*f + 44. Is v(-3) composite?
False
Let a(p) = 15*p**2 - 178*p + 37. Is a(54) prime?
False
Suppose 3 - 30 = -5*v + 2*d, 0 = 4*v + 3*d - 17. Suppose -v*u = -4*u - 3, -5*u + 147 = -x. Let t = x + 215. Is t composite?
False
Let j = 5 + -6. Let b be j*(1 - (-3)/3). Is ((-1)/b)/(3/1842) a composite number?
False
Suppose -6065*y + 6070*y - 52055 = 0. Is y prime?
False
Let v(i) = 878*i**2 + 1. Let w be v(1). Suppose -5*s = -56 - w. Is s prime?
False
Let q(d) = -172*d**3 - 9*d + 13. Is q(-4) composite?
False
Let t = -8 - -13. Let k be 26/10 + 2/t. Suppose l + 1345 = 4*g, -k*l + 0*l + 1325 = 4*g. Is g prime?
False
Let x = -70 + 64. Is ((-6)/4)/((-1707)/284 - x) a composite number?
True
Suppose -r + 508606 = 33*r. Is r composite?
True
Let c be 749/(-2) - (-2)/(-4). Let t = c + 626. Is t a prime number?
True
Let p(m) = 5*m + 30. Let c be p(-5). Suppose -c*o + 5*n + 3590 = 0, -o + 210 = 2*n - 505. Is o composite?
True
Let o(i) = i - 24 + i + 2*i**3 - i**3. Let p be o(0). Is (-10554)/p*(4 - 0) a composite number?
False
Let h(t) = 85*t**2 - 28*t + 114. Is h(5) prime?
True
Let k be (0/2 + 2)/((-4)/36128). Let x = 30675 + k. Is x prime?
True
Suppose 57*l - 1195 = 58*l. Let n = l + 4076. Is n a composite number?
True
Let u = 76 - 73. Suppose -u*z - 13307 = -10*z. Is z prime?
True
Let a(q) = -q**2 + 5. Let m be a(0). Suppose -m*x + 4*x + 172 = 0. Let p = x + -107. Is p a composite number?
True
Suppose -5*w - 5 = -3*p, -8*w + 4*w + 5*p + 9 = 0. Is w + (1*492)/4 a composite number?
True
Suppose -4*g + 2*g + 138 = 0. Let m = 232 - g. Is m a prime number?
True
Suppose 35160 = -10*j + 173330. Is j composite?
True
Let b(x) = 295*x + 45. Is b(26) a prime number?
False
Suppose 0*p + 2*p = -916. Let z = p - -815. Let b = z + -146. Is b prime?
True
Suppose 0 = 16*i - 158917 + 28469. Suppose -4*u + 8149 = 3*b, 2*u - i = -3*b - 0*b. Is b a prime number?
True
Let i = 187 - -174. Suppose -5*f + 149 = 2*g, -g + f - i = -6*g. Let r = 245 + g. Is r a composite number?
False
Suppose -3*i = -5*v - 4, -3*v - 5*i - 11 - 5 = 0. Let j(o) = -o**2 + 6*o + 3. Let d be j(6). Is 247 + (v - (-1 - d)) a composite number?
True
Let h = 4667 + 5444. Is h prime?
True
Let s(v) = 2*v**2 - 3*v - 5. Let a = -27 - -23. Let u(h) = h - 2. Let b be u(a). Is s(b) a composite number?
True
Suppose -3*i - 24 = -5*i. Let k be i/(-78) + (-30)/(-26). Is (581 - (-4)/k) + 2 a prime number?
True
Let n = 32 - 4413. Let k = -1860 - n. Is k composite?
False
Suppose -2*j = -0*j + 8. Let z(d) = d**3 - 3*d. Let n(g) = -2*g**3 + g**2 + 4*g - 1. Let s(a) = j*z(a) - 3*n(a). Is s(4) a composite number?
False
Suppose -3*h + n = -976, -8*n + 982 = 3*h - 6*n. Is h composite?
True
Suppose 0 = -2*l + 2*q + 6, -l + 3 = -3*q. Let o(n) = -9*n**3 + 2*n**2 + 5*n - 3. Let y(u) = -u**3 + u**2 - u - 1. Let i(x) = -o(x) - 2*y(x). Is i(l) composite?
False
Suppose 0 = -4*n - 3*x - 2*x - 8, 5*n - 19 = x. Suppose -2*p - n*d = -375, -360 = -0*p - 2*p + 2*d. Is p a composite number?
True
Let y(g) = -181*g**3 - 8*g**2 - 11*g + 13. Is y(-7) a composite number?
False
Let s be (-2)/(-17) + 212/(-68). Suppose -2*q = -4*i - 322, -q - 829 = -6*q + 4*i. Is q/2 - s/(-2) a prime number?
True
Suppose t - 2206 = -x - 4*t, 0 = 2*x + t - 4439. Is x prime?
True
Is 4 + ((-4)/(-10) - 783/(-5)) composite?
True
Suppose -5*k = 9*n - 6*n - 4202, -n = 5*k - 1404. Is n composite?
False
Let j(v) = -4270*v + 489. Is j(-9) a composite number?
True
Suppose -5*r - 1760 = -3*u, 2*r = 5*r - 6. Let y be u/15*6/4. Suppose y = m + 4*i, -i - 2*i = 2*m - 103. Is m a prime number?
True
Suppose w - 108761 = -5*h - 2*w, 3*w + 65247 = 3*h. Is h composite?
False
Let x be (-6 + -11)/(5/15). Suppose 5*f - f + 220 = 2*w, 0 = -f. Let p = w - x. Is p a prime number?
False
Suppose -42*n + 38*n + 2*j + 175654 = 0, 0 = -3*n - 2*j + 131751. Is n prime?
False
Let m = -899 + 1836. Is m composite?
False
Let g be (340/14)/5 - 2/(-14). Let p(t) = 24*t**2 - 10*t + 13. Is p(g) a composite number?
False
Let i(a) = 2*a + 19. Let o be i(-8). Suppose -n = 3*n - 4*w - 708, -o*w + 6 = 0. Is n composite?
False
Suppose -3*d + q + 96044 = -23205, -2*q = -3*d + 119251. Is d prime?
True
Suppose 26*c - 47040 = 61354. Is c a prime number?
False
Let p(s) be the third derivative of 41*s**6/720 - 3*s**5/40 + s**4/12 + 5*s**2. Let u(m) be the second derivative of p(m). Is u(14) prime?
False
Let g = -38645 - -65550. Is g composite?
True
Let g be (-2)/18 + (-2)/(-18). Let i = g + 2. Suppose -i*w - 3*w = -4315. Is w prime?
True
Let v(f) = 59*f + 11. Suppose -5*i - 3*m + 29 = 0, 2*i - 4*m + 5 = 1. Is v(i) composite?
True
Suppose 0 = 3*h + n - 104213, 69466 = -39*h + 41*h + 3*n. Is h a prime number?
True
Is (-13)/(312/32) - (-139900)/12 prime?
True
Suppose -483 = -3*c + 3*z, 6 = z + z. Let i = c - 79. Is i composite?
True
Let f(z) = -z**2 - 2*z + 5. Let y be f(-3). Suppose 0 = -5*t + 10, -3 = 3*m + y*t + 5. Is (-4610)/(-14) - m/(-14) prime?
False
Let h(r) = -123*r**3 - 1. Let y(t) = t**3 - 5*t**2 - t + 2. Let n be y(4). Let i = -19 - n. Is h(i) prime?
False
Let j = -20 - -22. Suppose 3*m = -0 + 6, 0 = 2*a - 2*m - j. Suppose -a*f - 5*d = 57 - 274, -5*d - 20 = 0. Is f a prime number?
True
Let i = 14 - 12. Suppose -i*u + 3785 = -1249. Is u prime?
False
Let s be 4/(-6) + 46/(-12)*-2. Suppose s*n = 2*n - 2*h + 415, 3*n - h = 249. Is n prime?
True
Is (-34)/(-1 - 1)*12625/125 a prime number?
False
Let o = -11 - 46. Is o/(-6)*(-56)/(-4) prime?
False
Suppose 0*g = -2*g - x, 4*g + 16 = 2*x. Is g/(-22)*2 + (-40029)/(-121) a composite number?
False
Suppose 12 = s + 3*s. Suppose 2*u - 3*u + s = 0, -4*m + 4*u + 5024 = 0. Is m composite?
False
Suppose -5*n + 2*u + 6 = 0, -4*n + 4*u + 1 + 11 = 0. Suppose n = -v + 311 + 26. Is v composite?
False
Let l(r) be the first derivative of 12*r**2 + r - 3. Let x = 15 + -11. Is l(x) prime?
True
Let y be (-128)/(-2)*(-235)/10. Let l = 3629 + y. Let x = 3084 - l. Is x a composite number?
True
Let r be (-9)/(36/(-8)) - 2. Suppose 8*v - 16584 + 2072 = r. Is v composite?
True
Suppose 43*q - 49*q + 58614 = 0. Is q a composite number?
False
Suppose 0 = -0*n + 5*n - g - 13213, 5*n - 13216 = 2*g. Suppose -5*a = -n - 2708. Suppose -5*s = -5*r + a, 2*r - 5*s - 502 = -59. Is r prime?
False
Let n = 29 + -29. Suppose -44 = -4*l - n*l. Is l composite?
False
Let s(b) = -858*b + 55. Is s(-12) a prime number?
False
Let l be 33568/5 - ((-40)/(-25))/(-4). Suppose -6*n = -n + a - l, -2*a + 4027 = 3*n. Is n prime?
False
Let n = 20 - 16. Suppose -3*q + n = -14. Let k(s) = 7*s - 8. Is k(q) prime?
False
Let h(k) = -22*k**3 - 18*k**2 + 9*k. Let d be h(-5). Let j = -1140 + d. Is j prime?
False
Suppose 4 = 4*d - 2*d. Suppose -i + 1167 = d*i. Is i a prime number?
True
Let t(s) = 2078*s - 824. Is t(5) a prime number?
False
Let p(q) = -q**3 - 7*q**2 + 8*q + 3. Let x be p(-7). Let y be (-25)/(-2)*64/(-40). Let w = y - x. Is w a prime number?
False
Suppose -3 = -m - 0. Suppose -2*q - 3*j = -m*q + 46, 4*q + 4*j = 104. Is q a compo